{"id":636,"date":"2026-04-22T11:07:11","date_gmt":"2026-04-22T11:07:11","guid":{"rendered":"https:\/\/ruedaselectricas.cl\/?post_type=product&#038;p=636"},"modified":"2026-04-22T11:11:33","modified_gmt":"2026-04-22T11:11:33","slug":"casco-bonehead-aero-full-face-helmet-copy","status":"publish","type":"product","link":"https:\/\/ruedaselectricas.cl\/?product=casco-bonehead-aero-full-face-helmet-copy","title":{"rendered":"CASCO BONEHEAD"},"content":{"rendered":"<p>El Aero se lanz\u00f3 en 2014 con cr\u00edticas populares por su gran campo de visi\u00f3n, comodidad, capacidad de ajuste, sistema de corte y mecanismo de bloqueo de visera superior.\u00a0El Aero contin\u00faa siendo un casco confiable debido a estas caracter\u00edsticas \u00fanicas y su construcci\u00f3n de fibra de carbono fuerte y liviana.<\/p>\n<p>Las caracter\u00edsticas que hacen del casco integral AERO la parte superior de la l\u00ednea de cascos para paracaidismo incluyen:<\/p>\n<ul>\n<li>\u00a1Carcasa compuesta de fibra de carbono moldeada al vac\u00edo de alta gama (no de pl\u00e1stico)!<\/li>\n<li>Lente de policarbonato moldeado de 2 mm, tambi\u00e9n disponible en gris tintado<\/li>\n<li>Lente resistente a los ara\u00f1azos y antivaho.<\/li>\n<li>Forro extra\u00edble y lavable.<\/li>\n<li>El campo de visi\u00f3n m\u00e1s amplio del mercado actual<\/li>\n<li>Perfecto para instructores.<\/li>\n<li>Compatible con anteojos<\/li>\n<li>F\u00e1cil de cortar: viene de serie con un corte<\/li>\n<\/ul>\n<p>Los bloqueos de visera de aluminio CNC con resorte proporcionan aperturas consistentes y f\u00e1ciles con dos manos y cierres con una sola mano con tres tornillos en cada lado, y aseguran la visera en su lugar.\u00a0Asegurar el casco incorpora un collar tirado por cord\u00f3n y una hebilla recortada.\u00a0El casco liviano es excelente para aquellos que usan anteojos y sol\u00edan tener el campo de visi\u00f3n m\u00e1s amplio que cualquier otro casco de paracaidismo en el mercado, hasta que apareci\u00f3 el Dynamic.\u00a0Las viseras tienen un revestimiento antivaho y est\u00e1n dise\u00f1adas para permitir que el aire fluya alrededor de la visera dentro del casco, ya sea boca abajo o boca abajo para que no se empa\u00f1e, y sin necesidad de agujeros o \u00abventilaciones\u00bb.<\/p>\n<p>Los ajustes del collar se realizan simplemente tensando el cord\u00f3n y volvi\u00e9ndolo a anudar.\u00a0El collar est\u00e1 hecho de neopreno de neopreno y se puede reemplazar f\u00e1cilmente sin necesidad de usar pegamento.\u00a0El velcro y los seis puntos de fijaci\u00f3n con tornillos lo mantienen seguro alrededor de la carcasa.\u00a0El forro sigue nuestra l\u00ednea est\u00e1ndar en construcci\u00f3n, se puede quitar para lavar y tiene la comodidad de bolsillos audibles en ambos lados. Los forros son ajustables y cada almohadilla del forro se puede ajustar independientemente de las dem\u00e1s, lo que le permite obtener el ajuste perfecto.<\/p>\n<p>Los cascos duraderos y de calidad de Bonehead Composites est\u00e1n dise\u00f1ados y fabricados por nosotros en los EE. UU. con fibra de carbono,\u00a0<strong>no el pl\u00e1stico<\/strong>\u00a0que la mayor\u00eda de los fabricantes de cascos de paracaidismo utilizan actualmente.\u00a0Nos esforzamos por lograr la perfecci\u00f3n, por lo que continuamos fabricando cascos utilizando materiales compuestos sobre el pl\u00e1stico moldeado por inyecci\u00f3n menos costoso;\u00a0Fibra de carbono para mayor resistencia y respaldo de fibra de vidrio para absorci\u00f3n de impactos.<\/p>\n<p>Las c\u00e1maras GoPro se pueden montar en la parte superior con cualquiera de nuestros soportes.<\/p>\n","protected":false},"excerpt":{"rendered":"<p>Comodidad, capacidad de ajuste, sistema de corte y mecanismo de bloqueo de visera superior.\u00a0El Aero contin\u00faa siendo un casco confiable debido a estas caracter\u00edsticas \u00fanicas y su construcci\u00f3n de fibra de carbono fuerte y liviana.<\/p>\n","protected":false},"featured_media":584,"comment_status":"open","ping_status":"closed","template":"","meta":[],"product_brand":[],"product_cat":[32],"product_tag":[],"class_list":{"0":"post-636","1":"product","2":"type-product","3":"status-publish","4":"has-post-thumbnail","6":"product_cat-bonehead","8":"first","9":"instock","10":"shipping-taxable","11":"purchasable","12":"product-type-simple"},"_links":{"self":[{"href":"https:\/\/ruedaselectricas.cl\/index.php?rest_route=\/wp\/v2\/product\/636","targetHints":{"allow":["GET"]}}],"collection":[{"href":"https:\/\/ruedaselectricas.cl\/index.php?rest_route=\/wp\/v2\/product"}],"about":[{"href":"https:\/\/ruedaselectricas.cl\/index.php?rest_route=\/wp\/v2\/types\/product"}],"replies":[{"embeddable":true,"href":"https:\/\/ruedaselectricas.cl\/index.php?rest_route=%2Fwp%2Fv2%2Fcomments&post=636"}],"wp:featuredmedia":[{"embeddable":true,"href":"https:\/\/ruedaselectricas.cl\/index.php?rest_route=\/wp\/v2\/media\/584"}],"wp:attachment":[{"href":"https:\/\/ruedaselectricas.cl\/index.php?rest_route=%2Fwp%2Fv2%2Fmedia&parent=636"}],"wp:term":[{"taxonomy":"product_brand","embeddable":true,"href":"https:\/\/ruedaselectricas.cl\/index.php?rest_route=%2Fwp%2Fv2%2Fproduct_brand&post=636"},{"taxonomy":"product_cat","embeddable":true,"href":"https:\/\/ruedaselectricas.cl\/index.php?rest_route=%2Fwp%2Fv2%2Fproduct_cat&post=636"},{"taxonomy":"product_tag","embeddable":true,"href":"https:\/\/ruedaselectricas.cl\/index.php?rest_route=%2Fwp%2Fv2%2Fproduct_tag&post=636"}],"curies":[{"name":"wp","href":"https:\/\/api.w.org\/{rel}","templated":true}]}}